 0*y = -2*y + 5. Let t(l) = 23*l**2 - 1. Is t(w) prime?
False
Suppose 4*t = -t + 870. Let l = -97 + t. Is l a prime number?
False
Let i be 8/20 + 6/(-15). Suppose 0 = 5*q + 2*w - i*w - 171, q - 2*w = 39. Is q composite?
True
Suppose -3*s + 21 = -g, -5*g + s - 19 - 16 = 0. Let w be (2 + 80/6)*g. Let y = w + 138. Is y composite?
True
Let i(d) = d**3 + 5*d**2 - 6*d - 5. Suppose -4*q - q - 25 = 0. Is i(q) a composite number?
True
Let q be (2/(-6))/(1/(-1479)). Let i = q + -62. Is i a prime number?
True
Let p = 4 + -4. Suppose -5*v - 420 = -p*y - 3*y, 0 = -3*y - 4*v + 420. Suppose 97 + y = 3*j. Is j prime?
True
Suppose 3*p + 5*s - 777 = 7*s, 0 = p - s - 260. Is p a composite number?
False
Let r(j) = -6*j**3 + j**2 - 3*j + 1. Is r(-4) a prime number?
False
Is 1285/(-3)*(-27 + 24) a prime number?
False
Let u be -4 + 195 - 2/(-2). Suppose 67 = d - u. Is d composite?
True
Suppose -4*h = 3*x - 4, -5*x = -0*x + h - 1. Is x - ((-2 - 97) + 2) composite?
False
Let s(a) = 131*a**2 + 5*a + 4. Let n be s(-2). Suppose n = -5*x + 2763. Is x composite?
False
Let n(k) = 4*k**3 - 2*k**2 + 2*k - 1. Let q be n(1). Suppose 0 = -3*p - 0*p - c + 52, -2*p - q*c = -23. Is p prime?
True
Suppose -5*a - 6060 = -5*g, 8*g - 4*g - 4878 = -2*a. Is g composite?
False
Suppose 76*u + 141 = 79*u. Is u prime?
True
Let o(n) = n**3 - 11*n**2 + n + 12. Is o(11) a composite number?
False
Let f = 0 - 0. Let q be 0 + -1 + (f - 0). Is (-22)/(1 - -1)*q prime?
True
Let c = -399 - -725. Let j = c - 183. Is j a composite number?
True
Suppose 4*j = -3*u + 37, -4 - 6 = 2*j. Let p = u - 11. Is 2635/9 - p/(-36) a composite number?
False
Suppose 5*j - 8219 = -2484. Is j a composite number?
True
Let p(a) = -11*a**3 - 3*a**2 - 3*a - 3. Let q be p(-4). Suppose -s + 5*s - 4*d - 1312 = 0, d = -2*s + q. Is s a composite number?
False
Let x(w) = -w**3 + 8*w**2 + 2*w + 6. Let q be x(6). Suppose -g + 8 - q = -4*d, -2*d = -2*g - 38. Is d prime?
False
Let t(x) = x**3 - 11*x**2 + 17*x + 11. Is t(9) a prime number?
True
Let l(b) = b**2 - b + 1. Let h(k) = -4 + k**3 - 3 + 4*k + 0. Let r(s) = -h(s) - 3*l(s). Is r(-3) prime?
True
Suppose 2*m + 4 = 12. Let p(c) = 2*c**2 - c + 3. Is p(m) a prime number?
True
Suppose 5*x = -202 - 273. Let q = x + 256. Is q composite?
True
Suppose -4*b + 0*o - o = -19, 2 = -b + 2*o. Suppose j + 1232 = -5*z, -b*z - 2*j - 941 = 41. Let f = z - -380. Is f a composite number?
True
Let d be (-2)/(-4) - (-2)/(-4). Suppose -v - 61 = -d*v. Let c = -14 - v. Is c prime?
True
Let b be (-10)/(-4)*(-1 + 7). Let u be 2/(-5) + 51/b. Suppose -u*q = 2*l - 11, -5*q + 19 - 6 = 2*l. Is l composite?
True
Suppose 5*r + 5*x - 1495 = 0, 5*x = -3*r + x + 900. Suppose 0 = -5*b - 3*h - r, 5*b = 3*h - 69 - 215. Let t = 21 - b. Is t prime?
True
Suppose 5*h = 2*o - 11, o - h + 1 = 2. Let f be o/(-6) - 1/3. Suppose -3*z = -f*z - 147. Is z prime?
False
Let u(b) = -b**2 - 4*b + 2. Let m be u(-4). Suppose m*h = h + 33. Is h a prime number?
False
Suppose 0 - 3 = -d. Let u(v) = v**3 + 3*v**2 - v - 2. Is u(d) composite?
True
Let u(z) = z**3 + 8*z**2 - 19*z - 11. Is u(-9) prime?
True
Is (-858)/4*20/(-30) prime?
False
Let j(v) = v**3 + 8*v**2 + 13. Is j(-6) a prime number?
False
Is -1 - ((-10)/20)/(1/166) prime?
False
Suppose 0 = 3*g + 6, -3*g - 14 - 306 = -w. Let k(h) = 5*h**2. Let u be k(1). Suppose 3*a - u*a = -w. Is a prime?
True
Let h be 2/10 - (-45)/25. Suppose w - 13 = h*o + o, 4*w + 2*o = 24. Is w composite?
False
Let g = 1757 + -498. Is g a prime number?
True
Suppose 0 = s - 3, 2*o + 5*s = -3*o + 35. Suppose o*c - 220 = -8. Is c a composite number?
False
Let f be ((-6)/1)/(-3) - -3. Suppose -5*a = -b - 207, f*a - 5*b = 34 + 181. Suppose 0 = -i - 4*s + a, 2*i + 5*s - 25 = 51. Is i composite?
True
Let m be -2 + 0 + 2 + 52. Let z = -55 + 25. Let r = m + z. Is r a prime number?
False
Suppose 2*v = 1580 + 1682. Is v a prime number?
False
Suppose 4*m + 109 = 5*b - 492, -3*b = -m - 362. Suppose c + 35 + b = 5*o, 3*o - 94 = c. Is o prime?
True
Let z(m) = 13*m**3 - 4*m**2 + 6*m + 4. Is z(3) composite?
False
Suppose -3*f = -8*f. Let r = f + 3. Is r a prime number?
True
Let z = 2172 - 1499. Is z prime?
True
Is 33*((-80)/(-12) + -1) a composite number?
True
Suppose -14 = -5*i + 1. Is (-622)/(-8) + i/(-4) a composite number?
True
Suppose 5*x - 216 = -d, -3*d - x = x - 583. Is d a prime number?
True
Suppose -i = -2*t - 291, 1848 = 5*i + 4*t + 393. Is i composite?
True
Let s = 14 - 11. Suppose 5*a = s*a + 6, 4*w - 4*a = 304. Is w composite?
False
Let h(d) be the first derivative of d**5/60 + d**3/3 - d**2/2 - 1. Let o(z) be the second derivative of h(z). Is o(-2) a composite number?
True
Suppose 457 = 3*c - q - 4*q, 0 = -2*q - 4. Is c a composite number?
False
Suppose 3*a + 0*c - 157 = c, -5*c = -a + 57. Let r = -27 + a. Is r composite?
True
Suppose 203 = b + 3*o, 0 = -5*b - 6*o + 2*o + 1015. Is b prime?
False
Let y be (-2)/4 - (-111)/(-2). Let u = -10 - y. Is u composite?
True
Let k = 408 - 113. Is k composite?
True
Let p = 1385 + -478. Is p a composite number?
False
Let y(t) = -t**3 + t**2 + 4*t - 8. Is y(-5) prime?
False
Let d(n) = 11*n**2 + 8*n + 2. Is d(6) composite?
True
Let l(k) = -k - 1. Let h be l(1). Let f = h + 4. Suppose 4*q = f*q + 262. Is q a composite number?
False
Suppose -5*w - 3*r = -139, 0 = 3*w + r + 3*r - 79. Let i = w + -3. Is i composite?
True
Let x(v) = 9*v**2 + 5*v - 1. Let o be x(6). Let t = 780 - o. Is t a prime number?
False
Let s = 3749 + -2166. Is s composite?
False
Let q(r) = 243*r**2 - 9*r - 11. Let d(l) = 122*l**2 - 4*l - 5. Let p(u) = 13*d(u) - 6*q(u). Is p(-1) prime?
True
Let a = -6 + 3. Let x = a + 214. Is x a composite number?
False
Suppose -3*z + v + 11 = 0, -2*z = -z - v - 3. Suppose -z*x + 24 + 4 = 0. Is x prime?
True
Let g(d) = -2*d - 4. Let c(p) = p + 2. Let a(k) = -5*c(k) - 3*g(k). Let q be a(0). Suppose 4*i + q*u - 6 = 10, 3*u = -4*i + 20. Is i a prime number?
True
Suppose 0 = 2*f + 2*j - 1358, 4*j + 1863 = 2*f + 481. Is f a prime number?
True
Let x be 10/(-4)*36/(-15). Is x - 0/((-4)/2) a prime number?
False
Let q = 188 - -295. Let v = q - 244. Is v a composite number?
False
Let g = -632 + 1186. Is g a prime number?
False
Suppose -5*k + 0*k - 2*s + 14 = 0, -4*k = -s - 6. Suppose 160 = 3*f + k*f. Suppose -f = -2*g + 6. Is g a composite number?
False
Suppose -8*z + 5*r = -3*z - 15, -12 = 4*r. Suppose -5*w + n = 429 - 71, -w + 4*n - 64 = z. Let q = -13 - w. Is q a prime number?
True
Let p(x) = -x**2 - 7*x - 3. Let i be p(-6). Suppose -3*j - 106 = -4*c, 2*j - i*j = 2. Is c composite?
True
Suppose 3*c + 14 + 19 = 3*u, 4*c + 17 = -5*u. Is 4/(-32) + (-1785)/c composite?
False
Let j(l) = -3*l - 5. Is j(-9) composite?
True
Suppose -4*f - 5 + 25 = 0. Suppose -f*c = -108 - 237. Is c a prime number?
False
Suppose -1501 - 445 = -3*d + 4*v, 0 = -5*d - 2*v + 3278. Suppose 3*z - 481 = c, 0 = 2*z + 2*z + 5*c - d. Is z composite?
True
Suppose -9 = f - m - 3*m, 5*m = 2*f + 9. Suppose 4072 = 2*p - 6*p. Is f/(-12) - p/8 a composite number?
False
Suppose -2*v - 374 = -5*r, -4*r - 6*v + 319 = -v. Suppose -2*p + r = -0*p. Is p prime?
False
Let t(k) be the first derivative of 29*k**2/2 + 8*k + 9. Is t(9) prime?
True
Let h = 0 - 12. Is (-1555)/(-6) - (-2)/h composite?
True
Suppose 3*x - 100 = 7*x. Let t = x - -12. Is (-2 + 0)*t/2 prime?
True
Let r = 1 - 1. Suppose r = -4*h - h. Suppose 4*q - 28 = -h*q. Is q a composite number?
False
Suppose -3*v = 2*v - 1980. Suppose 0 = 2*j + h + 539, 3 - 2 = -h. Let g = j + v. Is g a prime number?
True
Suppose 4*b = -5*t + 1335 + 903, -t - 2*b + 450 = 0. Suppose -4*w + 422 = -t. Is w a prime number?
False
Is ((-970)/(-5))/2 - 0 composite?
False
Let c = -155 - -298. Is c composite?
True
Suppose 0 = -4*b + 2*b - 4. Let v = 30 - b. Let y = v - 7. Is y composite?
True
Let m be -10*-1*(-5)/(-2). Suppose m = -3*j + 8*j. Suppose -j*g - 265 = -10*g. Is g prime?
True
Let j be (0 - (-14)/(-6))*168. Let a = -101 - j. Is a prime?
False
Suppose 5 = -2*g + 4*g - 5*u, -5*g - 5*u - 40 = 0. Let x = g + -7. Is (-39)/(-4) + (-3)/x composite?
True
Let z(p) = -46*p + 2. Let f be 4/(-4)*(-3)/(-1). Let i be z(f). Suppose 0 = -3*k - 2*l + 387, k = -0*l + 3*l + i. Is k composite?
False
Is ((-26)/13)/((-4)/1402) prime?
True
Let n be -16 + 1*(-2 + 2). Let m = n + 139. Is m composite?
True
Let i(n)